s - 8, -a = 2*z + 4. Let h(p) = 2 - 2*p**3 + 3*p**3 + p - 4*p**a + 0. What is h(3)?
-4
Let x = -14 - -17. Let c be (-6)/x*5/2. Let b(s) = s**2 + 5*s - 8. Let d(j) = -1. Let l(m) = b(m) - 3*d(m). What is l(c)?
-5
Let t(f) be the second derivative of -7*f**3/6 - 2*f**2 - 26*f. Calculate t(-3).
17
Let b(m) = m**3 - 9*m**2 + 9*m - 4. Let l be b(8). Let x(r) = -2*r + 3*r**3 - l*r**3 - 1 - 2*r**3. Calculate x(-1).
4
Let t(n) = -2*n + 3. Suppose 7*s - 13 = 2*s + 2*r, 1 = 2*s - 5*r. Determine t(s).
-3
Let n(b) = -b**3 + 5*b**2 - 4*b - 5. Suppose 2*r - w = 8, -r - 3*w = -4*r + 18. Suppose -11 = -r*k - 3. Calculate n(k).
-5
Let n(x) = -x**2 - x + 1. Suppose 0 = -4*b - 8 + 28. Suppose -2*d + b*a + 1 = -2, a = 4*d - 51. Let l be -3*(2 + d/(-6)). Give n(l).
-1
Suppose -8 = -10*r + 8*r. Let y(q) = q - 2. Determine y(r).
2
Suppose 3*g - g = -8. Let j(y) = y. Let i be j(2). Let p(s) = -s**2 - 8*s - 1. Let r(x) = -x - 1. Let f(d) = i*r(d) - p(d). Determine f(g).
-9
Let h(u) = 9*u + 17*u + 17*u - 42*u + 2. Determine h(6).
8
Let b(m) be the first derivative of -m**3/3 + 4*m - 1. Calculate b(3).
-5
Let y(w) = w - 14. Let j be y(8). Let q be (3/(-6))/(3/j). Let p(h) = -15*h**2. Give p(q).
-15
Let n(c) = -c**3 - 2*c**2 + 4. Let q(x) = -x**3 - 3*x**2 + 4. Let y(h) = 3*n(h) - 4*q(h). Give y(-6).
-4
Let h(o) = o**2 + o. Let w be h(-1). Suppose -5*y + 5 + 5 = w. Let l(u) = 1 + 0*u**2 - 2 - 2*u - y*u - u**2 + u**3. What is l(3)?
5
Let r(j) = -4*j**3. Let w be r(-1). Let z(p) = 3*p + 2. Let v(g) = -4*g - 1. Let t(y) = -2*v(y) - 3*z(y). Determine t(w).
-8
Let k(u) be the second derivative of -u**5/10 + u**4/6 - u**2/2 - 2*u. Let g be (-76)/28 + (-2)/7. Let w = g + 2. Calculate k(w).
3
Let y = -11 - -13. Let r(l) = 3*l**2 - 3*l + 1. Determine r(y).
7
Let s(j) = 0 - j + 4 - 3. Let w be s(-4). Suppose 5 = 5*m - w. Let q(t) = t - 3. Calculate q(m).
-1
Let m(t) = 7*t - 4. Let s(q) = -4*q + 2. Let g(i) = 3*m(i) + 5*s(i). Let a(y) = -2*y - 4. Let b be a(-7). Suppose 4*c - b = -c. Determine g(c).
0
Let t(i) = 7*i - 12. Let z(q) = 20*q - 35. Let s(m) = -17*t(m) + 6*z(m). Determine s(5).
-1
Let f(u) = -2*u - 1. Suppose -v = -7 + 2. Let z be ((-3)/v)/(8/40). Give f(z).
5
Let m(a) = -3*a**2 - 7*a + 3. Let v(q) = 2*q**2 + 5*q - 2. Let w(k) = 5*m(k) + 7*v(k). Suppose -8*r + 3*r + 4*i - 19 = 0, 0 = -5*i + 5. Calculate w(r).
-8
Let u(t) = -2*t**3 + 4*t**2 - 2*t - 1. Suppose -5*s - 29 = 2*f - 4*f, -5*s = 2*f + 21. What is u(f)?
-5
Let r(q) be the second derivative of -3*q + 0 - 1/2*q**2 - 1/6*q**3. What is r(6)?
-7
Let y be (-2)/(-10) - 216/(-120). Let x(z) = 2*z + 4. Let j(h) = 3*h + 3. Let i(m) = 3*j(m) - 2*x(m). Give i(y).
11
Let a(m) = -5*m**2 + 7*m + 9. Let i(z) = 11*z**2 - 14*z - 19. Let w(n) = 13*a(n) + 6*i(n). Suppose 2*r - 5*k - 14 = 0, 7*k + 12 = 4*k. Calculate w(r).
-9
Let j(w) = w - 5. Let n be j(7). Suppose -6*y + n*y - 3*z = 4, z + 10 = 3*y. Let t(x) = 3*x**2 - 4*x**2 - y + 4 + 3*x - 3. Give t(4).
-5
Let g(y) be the third derivative of 5*y**4/24 - y**2. Let j be (-2)/(-6) - (-17)/3. Let w(h) = h**2 - 5*h - 7. Let x be w(j). Calculate g(x).
-5
Let h(p) = -11*p**2 + 6*p. Let d(r) = r**2 - 3*r - 2. Let l be d(5). Let t(y) = 7*y**2 - 4*y. Let j(m) = l*t(m) + 5*h(m). Determine j(-2).
8
Let f(y) = -2*y**3 + 5*y**2 + y + 8. Let t(q) = 3*q**3 - 8*q**2 - q - 12. Let h(z) = 7*f(z) + 5*t(z). Let d(u) = u - 1. Let g be d(6). Determine h(g).
6
Let y(c) = -2*c**2 - 3*c + 1. Let w(h) = -h**3 + 5*h**2 + 8*h - 10. Let q be w(6). Determine y(q).
-13
Let g(w) be the second derivative of 2*w**3/3 - w. Suppose -n = 4*n. Suppose -3*z = o - n*o + 4, 4*o + z + 5 = 0. Give g(o).
-4
Suppose -3*n - 4*x + 22 = 0, -2*x + 5 = n - 3*x. Let q(w) be the third derivative of -w**4/24 + 3*w**3/2 + 5*w**2. Calculate q(n).
3
Let t(o) = -o**3 + 4*o**2 + 4. Let c = -82 - -85. Give t(c).
13
Let c(z) = -2*z - 2 - 4 + 5 - 3*z. Calculate c(-1).
4
Let s(k) = 31*k + 2. Let m(z) = -47*z - 3. Let x(w) = -5*m(w) - 8*s(w). Let n be x(1). Let l = n + 11. Let v(a) = -a**3 - 3*a**2 - 4. Determine v(l).
-4
Let z(w) = -6*w - 3. Let a = 10 + -12. Determine z(a).
9
Let v(n) be the second derivative of -n**3/6 + 2*n. Let y(r) = r**3 - 8*r**2 - 10*r + 10. Let d be y(9). Let g = d - 4. Determine v(g).
3
Let v(p) = -p - 8. Suppose 5 = n - 0*n. Let s = n - 3. Suppose -s*b - 5 = -b. Calculate v(b).
-3
Suppose 42*k = 38*k + 12. Let d(j) = 3*j + 1. What is d(k)?
10
Let z(t) be the second derivative of t**4/12 + t**3/3 + t**2/2 + t. What is z(-2)?
1
Let h(t) = t**2 + 4*t - 7. Suppose q - 48 = 9*q. Determine h(q).
5
Let s(v) be the second derivative of v**5/120 + 5*v**4/24 - v**3/2 - 4*v. Let y(f) be the second derivative of s(f). What is y(-4)?
1
Suppose -p = -5*n - 4*p + 31, 17 = 5*n - 4*p. Let i(r) = r - 7. Calculate i(n).
-2
Let i be -5 + 3 + 0 - -4. Let j(t) = 1 - i + 0 - t + 6. Calculate j(4).
1
Let k(m) = m**3 + 6*m**2 + 7*m + 7. Suppose -1 = l + 5. Let j be 8 + l + (2 - 1). Suppose -21 = j*v - 6. What is k(v)?
-3
Let b(h) = -h**2 - 1. Let q(y) = -5*y**2 - 6*y - 11. Let r(g) = 5*g**2 + 6*g + 12. Let l(x) = -5*q(x) - 4*r(x). Let w(m) = 4*b(m) + l(m). Give w(-2).
-5
Let i(g) = 2*g**2 + g - 1. Let o(u) = 1. Let m(p) = -i(p) + 2*o(p). Let f be ((-2)/1)/(32/48). What is m(f)?
-12
Let y(p) be the first derivative of p**3 + p + 194. Let d be 3/(-4) - 1/4. What is y(d)?
4
Let q(u) = 2*u + u - 4*u. Suppose 2*m + 3 = b, -m - 16 = 3*m - 4*b. Calculate q(m).
-1
Let z(v) = v**3 - 4*v**2 - v + 3. Let p = -7 + 7. Suppose -4*y + 18 - 2 = p. Suppose -5*a = -6*u + u + 35, y*u + a = 13. Calculate z(u).
-1
Let z(k) = 7 - 26*k**2 - 2*k + 11 + k**3 + 14*k**2. Determine z(12).
-6
Suppose 0 = -0*v + v - 4*d - 16, 0 = -5*v - 4*d + 8. Let h(u) = u - 2. What is h(v)?
2
Let o(u) be the second derivative of -u**5/20 + u**4/4 - u**3/6 - u**2/2 - 12*u. Give o(3).
-4
Let f(n) = -n**3 + 3*n**2 + n. Let v be -3 - (2/2 + -8). Suppose 0 = 2*s - v*x + x - 7, -4 = -4*s - 4*x. Determine f(s).
6
Let r(u) = 11*u. Let y(i) = -23*i. Let c(h) = 9*r(h) + 4*y(h). Suppose 4*a - 8 = -4. What is c(a)?
7
Let t(k) = k + 4. Let s be t(-8). Let c(y) = -3*y + 1. Let z be c(s). Let x(j) = -5*j**2 + 7*j - 5 - 16*j + z*j + j**3. What is x(4)?
-5
Let s(t) be the first derivative of t**6/72 - t**4/24 - t**3 + 6. Let q(h) be the third derivative of s(h). What is q(-1)?
4
Let r(g) be the third derivative of g**4/12 - 2*g**3/3 + g**2. Let p be ((-18)/12 - 0)*-2. Give r(p).
2
Let o(x) = 3*x + 2. Let q(u) = -2*u**2 + 3*u + 3. Let z be q(-1). Determine o(z).
-4
Let i(v) = -v**3 + v**2 + v + 2. Let h = -17 - -17. What is i(h)?
2
Let l = 2 + -2. Suppose -6 + l = 2*v. Let h(s) = -s - 3. Determine h(v).
0
Let r(k) = 1 - 2 - 2 - k**2 - 4*k. Let f be r(-4). Let c(s) = -2*s - 4. What is c(f)?
2
Suppose -1 - 7 = -4*j. Let f(d) = -3 + d - j + 1 + 2. What is f(2)?
0
Let j(q) = -2 - q**3 + 0 + 1 + 0*q - 4*q - 6*q**2. What is j(-5)?
-6
Let a(t) = -3*t + 9 - 19 + 9 - t**2. Determine a(-2).
1
Suppose 5*c + 0*b + 4*b + 10 = 0, 5*c - b = -35. Let y(i) = -i**3 - 6*i**2 + 5. Determine y(c).
5
Let f = 30 - 28. Suppose 0 = 2*o + 2*g - 6 - 2, 5*o = -4*g + 20. Let b(d) = 0*d - 3 - 3*d + d**3 + o. Calculate b(f).
3
Let c(d) = -d**2 + 4*d - 6. Let f(g) = -2*g + 4. Let o(k) = k - 2. Let u(v) = 4*f(v) + 7*o(v). Let n be u(-2). Determine c(n).
-6
Let w(d) = -6*d - 1. Let f be 2*(-6)/8*(-80)/60. Determine w(f).
-13
Let q(o) = -3*o + 2. Let y be q(2). Let h be (-34)/6 - y/(-12). Let c(r) = -r**3 - 7*r**2 - 7*r - 9. Determine c(h).
-3
Let r(h) be the second derivative of -1/6*h**3 - 1/2*h**2 - 3/20*h**5 - 1/12*h**4 + 0 - 2*h. Let k = -3 + 2. Give r(k).
2
Let l be ((-36)/(-54))/((-2)/(-9)). Let b(q) be the second derivative of -1/6*q**l + 1/3*q**4 - q + 0*q**2 + 0. Calculate b(-1).
5
Let n(z) = -z + 5. Let o be n(9). Let k(t) = -2*t - 4. Let f be k(o). Let d(i) = 3*i + 1 - 3*i - f*i. Calculate d(-1).
5
Let f = 37 + -22. Suppose 0 = 5*w - f - 5. Let v(t) = -t**2 + 2*t + 2. Calculate v(w).
-6
Let l(h) be the second derivative of -h**3/6 - 5*h. Let b(o) = -14*o - 1. Let c = 7 - 1. Let m(p) = c*l(p) - b(p). Calculate m(-1).
-7
Let n(s) = -s**3 - 4*s**2 - 5*s - 5. Let f(i) = -i**3 + 7*i**2 - 6*i - 4. Let v be f(6). Calculate n(v).
15
Suppose 4*v + 7 = 5*h, 2*v - 5*h = -12 + 1. Let t(o) = v*o + 2*o**2 + 6 - 4 + 4 - 3. Calculate 